t k(j) = j**3 + 4*j**2 + 2*j + 1. Let v be k(-3). Suppose -3*y - 28 = -v*y. What is the tens digit of y?
2
Suppose 4*b - 3*g - 148 = -4*g, 3*g - 37 = -b. What is the tens digit of b?
3
Let l = 4 - 2. Suppose -30 = -4*s - l*x, -2*s + 4*x = s - 17. What is the units digit of (-4)/(-6) - s/(-3)?
3
Suppose -374*x + 370*x + 616 = 0. What is the tens digit of x?
5
Let h = 18 + -17. What is the units digit of (-1 - -1 - h)*-43?
3
Let y(k) = -k**3 - 10*k**2 - 2*k + 3. What is the tens digit of y(-10)?
2
Suppose 9 = 3*o - 2*a, 0*o - 5*a = 2*o + 13. Let u be ((-12)/(-14))/(o/7). Suppose -u*r + 5*r = -5. What is the units digit of r?
5
Let t be -6*(-9)/6 + -1. Let o = t + -3. Suppose -5*k = o*f - 30, -k = -4*k - f + 14. What is the units digit of k?
4
Let i = 606 - 411. What is the hundreds digit of i?
1
Let h = 9 + -3. What is the units digit of h?
6
Let a(u) = -2*u - 6. Let f(c) = c**2 + 10*c + 1. Let v be f(-9). What is the units digit of a(v)?
0
Let d(k) = k + 19. What is the tens digit of d(7)?
2
Let s(p) = p**3 + p + 50. What is the tens digit of s(0)?
5
Let b(o) = -4*o + 5. Suppose 25 = -f + 4*q, 3*f + 2*q + 10 = q. What is the tens digit of b(f)?
2
Suppose 0*t = t - 5*n - 133, -3*n = 2*t - 201. What is the tens digit of t?
0
Suppose -4*k + 38 = 3*x - 22, 74 = 5*k + 4*x. Suppose 0 = -4*g + 5*f + 9 + 10, 0 = -f + 5. Let o = k - g. What is the units digit of o?
7
Let g = 74 + -62. What is the units digit of g?
2
Let r(j) = 4*j**2 + 5 - 9*j - 3*j**2 + 4 + 2. What is the units digit of r(9)?
1
Let o = -45 + 81. What is the tens digit of o?
3
Let d = 25 - 14. Suppose -a = -0*a + d. Let b = a + 19. What is the units digit of b?
8
Let t(p) = p**3 + 9*p**2 + 7*p + 25. What is the tens digit of t(-8)?
3
Let a(c) = c + 3*c**2 - 12 - 2*c**2 - 3*c. What is the tens digit of a(-5)?
2
Let t(c) = 3*c**2 + 6*c. Let p = -11 - -7. Let q be t(p). What is the units digit of (q/14)/(2/7)?
6
Let x = 15 + 19. What is the tens digit of x?
3
Let x(s) = 3*s + 18. Let h be x(-8). Let f = 9 - h. What is the units digit of f?
5
Let v = -18 + 39. What is the units digit of v?
1
Let x = 319 + -217. What is the hundreds digit of x?
1
Let a be 26/10 + (-4)/(-10). Suppose -a*p = -p - 24. What is the tens digit of p?
1
Suppose 3*h = -o + 14, h - 14 = -o - 4*o. Suppose -47 - 34 = -3*k - 5*s, 2*k - o*s - 38 = 0. Suppose 5*i - k - 13 = 0. What is the units digit of i?
7
Let m(c) = c**3 + 5*c**2 + c + 7. Let f be m(-5). Suppose 5*s + 360 = f*s. What is the units digit of s/(-21) - 2/(-7)?
6
Let v(x) be the second derivative of -x**3/2 - 2*x**2 - x. Let t be v(-3). Let q = 2 + t. What is the units digit of q?
7
Suppose 2 = p - 3. Suppose -4*t - 3 = 2*a - 11, -13 = -t + p*a. Let l = 12 + t. What is the units digit of l?
5
Let s = -11 + 8. Let a = 6 - s. What is the units digit of a?
9
Let n = 3 + -4. Let k = n + 31. What is the units digit of k?
0
What is the units digit of (-16)/(-4)*51/2?
2
Let m = 10 + -6. Suppose -5*z + 4*g = -292, 2*z + 5*g = 3*g + 106. Suppose -z = -m*x - x - u, 2*u = 2. What is the tens digit of x?
1
Suppose 10*w - 12*w + 196 = 0. What is the units digit of w?
8
Let l = 35 - 21. Let w be -2*(2 + 2/(-2)). Let d = w + l. What is the units digit of d?
2
Suppose -2*z = -4*h + 6, -2*h + h - 2 = -z. Let b(x) = -3*x + 4 - 10 - x + x**2 + 0*x**2. What is the tens digit of b(z)?
1
Suppose 4*b - 892 = -228. What is the tens digit of b?
6
Suppose b + 444 = 3*b + 2*r, -b + 2*r = -213. What is the hundreds digit of b?
2
Let x(p) = -p**2 - 10*p - 7. What is the tens digit of x(-7)?
1
Suppose -t + 0 = -3. What is the units digit of t/((-135)/(-42) + -3)?
4
Let o = -76 + 195. What is the tens digit of o?
1
Let g = -196 - -317. What is the hundreds digit of g?
1
Let s(g) = 2*g + 7. What is the units digit of s(13)?
3
Let t be (-2)/(-8)*-2*0. Suppose t = -3*r + 107 + 40. Suppose -h + 8 = -4*c + 37, 0 = 5*c + 3*h - r. What is the units digit of c?
8
Suppose 3*c = 4*c + 3*b + 21, 5*b - 64 = 2*c. Suppose -56 = 6*z + z. Let o = z - c. What is the units digit of o?
9
Let t(g) = 3*g**3 + 7*g**2 - 8*g + 3. Let b(u) = u**3 + 4*u**2 - 4*u + 1. Let c(y) = 5*b(y) - 2*t(y). What is the units digit of c(4)?
5
Let s(k) = 2 + k**2 + 2*k - 6 + 1. What is the units digit of s(-5)?
2
What is the units digit of 1/(9/2) - (-1267)/9?
1
Suppose -28*y + 27*y + 120 = 0. What is the hundreds digit of y?
1
Let q(m) = -m**3 + 8*m**2 - 3*m - 10. What is the tens digit of q(5)?
5
Let n be (-12)/10*120/(-18). Let s = n - 7. What is the units digit of s?
1
Let t = 189 + -91. What is the tens digit of t?
9
Suppose -5*f - 3*b - 7 = -b, 5*f + 2 = 3*b. Let m = f - -10. What is the units digit of m?
9
What is the hundreds digit of ((-7)/(7/2))/(-2)*129?
1
Let a = -2 + 22. Suppose 0 = x + 3*x - a. What is the units digit of x?
5
Let x(g) = g**3 - 5*g**2 + g - 1. Let o(p) = p**2. Let q(c) = 3*o(c) + x(c). Suppose -3*d + 5 = -1. What is the units digit of q(d)?
1
Suppose 0 = 3*z + v - 66, 4*v = -z + 29 + 4. What is the units digit of z?
1
Let i(w) = w**2 + 5*w. Let g be i(-5). Suppose 8*l - 3*l - 20 = g, -l = 2*c - 32. What is the units digit of c?
4
Suppose -2*c = 2*o + 4, 4*o + 5*c = -3 - 0. Let w = o + 16. Let g = w - 3. What is the units digit of g?
6
What is the units digit of (-5 - 11/(-2))*8*1?
4
Let q(z) = 8*z**2 - 4*z - 8. What is the tens digit of q(4)?
0
Let f(r) = -r**3 + 7*r**2 + 13*r - 9. Let n be f(8). Let g = -19 + n. What is the tens digit of g?
1
Let a(s) be the third derivative of -s**6/40 + s**5/60 + s**4/24 - 2*s**2. Let m be a(-1). Suppose m*d = 3 + 18. What is the units digit of d?
7
Let q(a) = 2*a**2 + 9*a + 40. What is the units digit of q(9)?
3
Let u(q) = 5*q**2 - 2*q - 3. Let m be u(4). Suppose -2*c = -31 - m. Suppose 0 = -2*n - 5*k + 29, 5*n + 5*k + 0*k - c = 0. What is the units digit of n?
7
Let h be 2/(9/(-15) - -1). Suppose 0*r - h*r = 20. What is the units digit of (0 + 7)/(r - -5)?
7
Let b = -12 + 12. Suppose -4*y + 7 + 29 = b. What is the units digit of y?
9
Suppose 3*a = -2*w + 177, -4*w + 239 = 4*a + 7. What is the units digit of a?
1
Let b = 93 + 17. What is the hundreds digit of b?
1
Suppose -7*i - 8 = -3*i + 2*d, 0 = -i + 4*d + 16. Suppose 3*w - 45 = -0*t - t, i = -5*w + 5. Suppose -10 = 4*b - t. What is the units digit of b?
8
Suppose 6*d = 11*d. Suppose b + d*b = 3*i - 89, -i - 4*b + 8 = 0. What is the tens digit of i?
2
Let n(b) = -10*b**2. Let r be n(-2). What is the units digit of r/12*-3 - 1?
9
Suppose 0*s = 5*s - 5, -2*s + 2 = 2*o. Let m = o + 3. Suppose -m*q = -28 - 20. What is the units digit of q?
6
Suppose d - 2*d - 8 = 0. Suppose 3*x = -5*j - 2, -2*j - x + 24 = -6*x. Let g = j - d. What is the tens digit of g?
1
Let g(l) = 0 - 1 + 2 + 3*l - 5*l. What is the units digit of g(-2)?
5
Let x = -124 - -85. Let t = x - -19. What is the units digit of t/(-6)*(-126)/(-35)?
2
Let m be (-1)/((-15)/6)*10. Let i be 1/m - (-161)/28. What is the units digit of (-3)/(-9) - (-106)/i?
8
Suppose -3*r - 2*x - 97 = 0, 4*r - 3*r - 3*x + 36 = 0. Let q = r + 71. What is the tens digit of q?
3
Suppose 4*s - 827 = 3*b, 435 + 585 = 5*s - b. What is the tens digit of s?
0
Let s(l) = -l**2 - 12*l + 15. What is the units digit of s(-11)?
6
Let i(n) be the third derivative of n**4/6 - n**3/2 + 2*n**2. Let m be i(2). Suppose -y + 0*c = 2*c - 19, -m*y = -5*c - 95. What is the units digit of y?
9
Let l = 28 + -39. Let z(d) = -d**3 - 10*d**2 + 10*d - 3. What is the units digit of z(l)?
8
Let h = 12 + -8. Let p be 9/(-12) - 1/h. What is the units digit of ((-1 - 1)/2)/p?
1
Suppose -3*g = -16 - 50. What is the units digit of g?
2
What is the units digit of 1*2/(4/50)?
5
Suppose 8*m - 184 = 4*m. What is the units digit of m?
6
Let g(x) = -8*x - 17. What is the units digit of g(-7)?
9
Suppose -4*w - 3*o - 1 = -0, 2*o = -6. Suppose -w*c + 1 = 2*b - 37, 0 = 5*c - 2*b - 102. What is the tens digit of c?
2
Let r(z) = -z. Let m be r(-1). Suppose 2*g = -7 + m. What is the units digit of -5*(24/5)/g?
8
Let r be 4/(-10) - 18/5. Let i = r - -11. What is the units digit of -2 - (-4 + 2 - i)?
7
Let z = 85 + -59. Suppose 0*q - z = -2*q. What is the units digit of q?
3
Suppose -97 = -4*q + 227. What is the units digit of q?
1
Let r = 0 + 3. Let d(p) = p**3 - 4*p**2 + 5*p - 3. Let g be d(r). Suppose 5*v + 7 = g*h, 2